d by (-2)/2 - (1 + -21)?
15
Let p = -78 - -80. Let s(y) = -y**3 - 2*y**2 + 3*y + 4. Let k be s(-3). Let z = -2 + k. What is the remainder when z is divided by p?
0
Let v be -1 + 0 - (-4 + 44). Let p = 89 + v. Suppose -n + p = 2*n. Calculate the remainder when 46 is divided by n.
14
Let s(f) = 2*f**2 - 8*f + 5. Suppose -70 = -4*b - 2. Calculate the remainder when b is divided by s(4).
2
Let f = 19 - 15. Suppose -6*x - 3*j + 465 = -x, 365 = f*x + j. Calculate the remainder when x is divided by 23.
21
Let r(g) = 5*g + 3*g - 4*g + 3*g. What is the remainder when 20 is divided by r(1)?
6
Let s = -23 - -39. Calculate the remainder when s is divided by 9.
7
Let m(q) = -3 + 1 + 4*q - 5. Let g be (-5 + 6)/(((-6)/15)/(-2)). What is the remainder when 37 is divided by m(g)?
11
Let x(w) = 4*w - 1. Let f = 10 + -7. Suppose -2*p - 5*v + 59 = 0, 3*p + v - 36 = 59. What is the remainder when p is divided by x(f)?
10
Suppose -4*y - 4*g = -168, 0*y - 5*g + 69 = 2*y. What is the remainder when y is divided by 24?
23
Let g(w) = w**2 - 5*w + 3. What is the remainder when 188 is divided by g(-3)?
26
Let d(h) be the second derivative of h**5/20 - h**4/2 + h**3 - 13*h**2/2 + 7*h. What is the remainder when d(6) is divided by 12?
11
Let s = 103 - 88. Calculate the remainder when 40 is divided by s.
10
Suppose -2*k + k = -9. Calculate the remainder when 4 is divided by 12/9*k/6.
0
Let g(s) = s**3 + s**2 + s + 2. What is the remainder when 4 is divided by g(-1)?
0
Let k = 28 - 20. Let s = -8 + 11. Suppose 0 = -4*i + 6*i + 2, 3*j = s*i + 69. What is the remainder when j is divided by k?
6
Let g = -29 - -42. Calculate the remainder when 25 is divided by g.
12
Suppose 0 = -u - 4*q - 2, 4 = 4*u + 4*q - 0*q. Calculate the remainder when u/6*9*29 is divided by 22.
21
Let z(h) = 2*h**2 - h - 4. Let s(d) = -32*d - 1. Let r be s(3). What is the remainder when r/(-5) + 15/25 is divided by z(3)?
9
Suppose 0 = -d - 3*d - 5*m - 44, 4*d - 2*m + 44 = 0. Let j = -5 - d. Calculate the remainder when 10 is divided by j.
4
Suppose 0*d - 15 = -5*d. Suppose 36 = 6*u - u - g, -2*u + 28 = d*g. Calculate the remainder when u is divided by 5.
3
Suppose -4*k = -85 - 99. Let g = 21 + -9. Calculate the remainder when k is divided by g.
10
Suppose 0 = -4*k - 2*k + 30. What is the remainder when 15/25 + 52/k is divided by 4?
3
Suppose 5*w - 20 - 10 = 0. What is the remainder when w is divided by 2?
0
Let q = -265 + 371. Calculate the remainder when q is divided by 18.
16
Suppose 0 = i - 17 - 30. Let z be ((-2)/4)/(3/(-294)). Suppose -5*l + 129 - z = 0. What is the remainder when i is divided by l?
15
Suppose -4*c = 5*v - 284, -c - v = -2*c + 62. Calculate the remainder when 262 is divided by c.
64
Let s be 6/4 - (-525)/14. Let t = 69 - s. What is the remainder when 57 is divided by t?
27
Suppose -q = -5*q + 32. Suppose -4*z = -2*z. Suppose -5*b + 70 = -z*b. What is the remainder when b is divided by q?
6
Let n = 45 - 24. What is the remainder when 145 is divided by n?
19
Calculate the remainder when 4710/70 + (-4)/14 is divided by 17.
16
Let l(x) = -x**3 - x**2 - x + 7. Calculate the remainder when 15 is divided by l(0).
1
Suppose -4*a + 3*a = 5*p + 3, 4*p = -5*a + 27. Calculate the remainder when 13 is divided by a.
6
Let s = 17 + -9. Calculate the remainder when 37 is divided by s.
5
Let p = -5 + 0. Let x(i) = -4*i - 5. Calculate the remainder when x(p) is divided by (-3 + -2)*(-16)/10.
7
Let u = 152 + -74. What is the remainder when u is divided by 27?
24
Suppose 0 = -4*c + 2*c. Suppose c = 4*h - 2 - 2. Calculate the remainder when 2 is divided by h.
0
Suppose 2*c - 4*y + 36 = 4*c, 2*c + 2*y = 32. Let o(s) = 7*s - 1. Let k be o(3). Let m = 6 + k. What is the remainder when m is divided by c?
12
Let j(t) = t**2 - 6. What is the remainder when 97 is divided by j(-4)?
7
Let f = 1 + -2. Let k = f + -3. Let a(i) = -i**3 - 4*i**2 - 3*i. What is the remainder when 22 is divided by a(k)?
10
Suppose -3*x + 5*x = 12. Let a = 86 - 46. Suppose -r = -3*k + 52, k = -k + 2*r + a. What is the remainder when k is divided by x?
4
Let b(r) = -r**2 - 14*r - 16. Let w(q) = -11*q**3 + q**2 - 2*q + 1. Let x be w(1). Calculate the remainder when b(x) is divided by 10.
7
Suppose 5*l = 4*a - 1, 7*l - 2*a - 7 = 2*l. Calculate the remainder when l is divided by 1.
0
Suppose -8*f - 2*i + 18 = -6*f, -3 = f - 5*i. What is the remainder when 12 is divided by f?
5
Calculate the remainder when 9 is divided by -2*(-3)/3 + 1.
0
Let x = 39 - 17. Let q = 3 - -33. Let p = q + 28. What is the remainder when p is divided by x?
20
Let n(w) = 69*w + 1. Let t(c) be the first derivative of c**4/2 - 2*c**3/3 + c**2/2 + 3. Let u be t(1). Calculate the remainder when n(u) is divided by 24.
22
Let j be 3/(-27)*-3*6. Suppose 3*m - 3 = 4*v, m - 5*v = -8 - j. Calculate the remainder when 9 is divided by m.
4
Let g(r) = 21*r - 2. Calculate the remainder when g(4) is divided by 43.
39
Suppose -12 = -g - 2*g. What is the remainder when 14 is divided by 31/g - (-2)/8?
6
Let b(y) = 4*y**2 + 13*y + 5. Calculate the remainder when b(-5) is divided by 11.
7
Suppose 0 = 2*j - 5*v - 31, 5*v = -25. Suppose -10 = -j*t + 29. Calculate the remainder when 38 is divided by t.
12
Let j(o) = -o**2 + 1. Let d be j(0). What is the remainder when 27 is divided by (d/3)/((-1)/(-30))?
7
Suppose -2*w = p - 5, -5*p + 2*w + 11 = -2. Let k(h) = h - 1. Calculate the remainder when 7 is divided by k(p).
1
Suppose 0 = -i + 4 + 4. Let x(j) = -3*j + 3. Let u be x(5). Let t = u + 27. What is the remainder when t is divided by i?
7
Let g(d) = -d**2 + 8*d - 4. Let h be g(7). What is the remainder when (h/7 - -3)*7 is divided by 13?
11
Calculate the remainder when 20 is divided by (-123)/(-9) - ((-8)/6 + 2).
7
Let x be 8/(-5)*(2 - -8). Let z be -5*(-1 + (-54)/15). Let j = z + x. What is the remainder when 13 is divided by j?
6
Suppose 35 = -s + 125. Suppose 2*p - 4*p = -s. Calculate the remainder when p is divided by 16.
13
Suppose -5*d + 3*d = 10, 0 = -4*s + 4*d - 156. Let k = s + 95. Let p = -36 + k. What is the remainder when p is divided by 8?
7
Let k = -41 + 28. Let i = 7 - k. Calculate the remainder when i is divided by 6.
2
What is the remainder when (1 - (-140)/5) + -2 is divided by 15?
12
Let i = 9 + -4. Suppose -3*j = -f + 7, -i*j = -4*f + 12 + 9. Calculate the remainder when -1 - 1/(2/(-22)) is divided by f.
2
Suppose -o - 2*o = 0. Suppose -1 - 1 = -2*y. Calculate the remainder when 16 + o/3*y is divided by 6.
4
Suppose 4*y = 2*g - 36, 0 = -3*g + 6*g - y - 49. Calculate the remainder when (27/(-2))/((-12)/g) is divided by (10/(-4))/(-1)*2.
3
Let a(x) = 2*x**3 - 3*x**2 - 3*x - 3. What is the remainder when 43 is divided by a(3)?
13
Suppose -5*n = -10 - 20. Suppose -12 = -3*b - 4*x, -b - x = -n*x - 4. Let v = -16 + 22. Calculate the remainder when v is divided by b.
2
What is the remainder when 52 is divided by 6/(-33) + 725/55 - 2?
8
Let z(u) = -u**3 + 8*u**2 + 12*u - 9. Suppose 0 = -4*o + 49 + 83. Calculate the remainder when o is divided by z(9).
15
Let z(w) = -2*w - 3. Let o = -36 - -61. Calculate the remainder when o is divided by z(-6).
7
Let q(b) = b. Suppose 70 = 8*s + 30. What is the remainder when s is divided by q(2)?
1
Let l = 33 - 23. Let r = 459 - 441. Calculate the remainder when r is divided by l.
8
Suppose -c = -5*y - 10, -3*c - y + 14 = -0*y. Suppose 5*r = 3*m - 4, r - 2*r - 4*m = -13. Calculate the remainder when c is divided by 6*(r - 4/6).
1
Suppose 0 = -3*o + 2*m - 0*m + 11, 5*o - 4*m = 17. Suppose -o*i + 8 = -i. Suppose -4*n = -13 - 3. Calculate the remainder when n is divided by i.
0
Let h = 13 - 5. Let b(r) = -r**3 - 11*r**2 - 9*r - 8. Let w be b(-10). What is the remainder when (-1960)/(-90) - 4/w is divided by h?
6
Let b(h) = -2*h**3 - 6*h**2 - 6*h - 3. Let o be b(-4). Let y = o - -5. Calculate the remainder when y is divided by (-2)/(-4) - 117/(-6).
18
Suppose 3*d - 2*j - 2*j = 50, -d + 4 = 5*j. Calculate the remainder when 49 is divided by d.
7
Let q(p) = -p**3 + 3*p**2. Let l be q(3). Suppose 5*z - 42 - 53 = l. Calculate the remainder when z is divided by 7.
5
Let m(x) be the third derivative of -x**4/24 + 10*x**3/3 - 5*x**2. What is the remainder when m(-17) is divided by 19?
18
Suppose -40 = -3*r + t - 0*t, -2*r - t = -30. What is the re